y 278?
132
Calculate the remainder when 16103611 is divided by 670983.
19
What is the remainder when 9525 is divided by 9286?
239
What is the remainder when 454560 is divided by 285?
270
What is the remainder when 102775 is divided by 1195?
5
What is the remainder when 252155 is divided by 7624?
563
What is the remainder when 14047 is divided by 13?
7
Calculate the remainder when 386846 is divided by 555.
11
What is the remainder when 3792 is divided by 3193?
599
What is the remainder when 2465432 is divided by 2674?
4
What is the remainder when 719650 is divided by 1043?
1023
Calculate the remainder when 135170 is divided by 1590.
20
What is the remainder when 4941 is divided by 3841?
1100
Calculate the remainder when 11602 is divided by 5325.
952
Calculate the remainder when 804099294 is divided by 2464.
2462
What is the remainder when 552189 is divided by 55193?
259
What is the remainder when 205248 is divided by 680?
568
What is the remainder when 886310 is divided by 858?
854
Calculate the remainder when 4243296 is divided by 869.
838
Calculate the remainder when 13895311 is divided by 92.
91
What is the remainder when 20383895 is divided by 312?
311
What is the remainder when 79086903 is divided by 472?
471
Calculate the remainder when 1238813 is divided by 103234.
5
Calculate the remainder when 270791 is divided by 270760.
31
What is the remainder when 5859811 is divided by 3917?
3896
Calculate the remainder when 1499763 is divided by 397.
294
Calculate the remainder when 1175128 is divided by 1174916.
212
Calculate the remainder when 50968 is divided by 358.
132
What is the remainder when 85973000 is divided by 1192?
0
Calculate the remainder when 37126108 is divided by 37126094.
14
What is the remainder when 93134 is divided by 591?
347
What is the remainder when 35625055 is divided by 3217?
3214
What is the remainder when 787814727 is divided by 28?
7
Calculate the remainder when 2160876 is divided by 6588.
12
Calculate the remainder when 1241168 is divided by 310194.
392
Calculate the remainder when 1462743 is divided by 540.
423
Calculate the remainder when 65388132 is divided by 24.
12
What is the remainder when 3262617 is divided by 822?
99
Calculate the remainder when 3896471 is divided by 469.
19
What is the remainder when 233768 is divided by 11128?
80
Calculate the remainder when 163133278 is divided by 126558.
16
What is the remainder when 377405 is divided by 376343?
1062
What is the remainder when 3000855 is divided by 55571?
21
What is the remainder when 33719367 is divided by 6?
3
Calculate the remainder when 3844712476 is divided by 10487.
10484
What is the remainder when 174944 is divided by 6722?
172
What is the remainder when 3934760 is divided by 2570?
90
Calculate the remainder when 1722537 is divided by 21804.
21
Calculate the remainder when 2911297 is divided by 15993.
571
What is the remainder when 42754 is divided by 469?
75
What is the remainder when 225133 is divided by 1432?
309
Calculate the remainder when 1786840 is divided by 137444.
68
What is the remainder when 4350103 is divided by 4?
3
Calculate the remainder when 7134943 is divided by 63141.
10
Calculate the remainder when 98898 is divided by 5487.
132
What is the remainder when 22900 is divided by 11078?
744
What is the remainder when 194549070 is divided by 61?
1
What is the remainder when 58072 is divided by 101?
98
Calculate the remainder when 598671 is divided by 42755.
101
What is the remainder when 7023137 is divided by 423?
68
What is the remainder when 7203124 is divided by 121?
115
Calculate the remainder when 3913216 is divided by 23.
19
Calculate the remainder when 3088953 is divided by 1608.
1593
What is the remainder when 23969723 is divided by 7989795?
338
What is the remainder when 236257 is divided by 78406?
1039
Calculate the remainder when 29507850 is divided by 44.
42
Calculate the remainder when 140121 is divided by 140058.
63
What is the remainder when 6380865 is divided by 97?
11
Calculate the remainder when 157046 is divided by 145.
11
What is the remainder when 71856709 is divided by 41?
27
Calculate the remainder when 9108161 is divided by 16.
1
What is the remainder when 38578717 is divided by 20?
17
Calculate the remainder when 3686855 is divided by 41896.
7
Calculate the remainder when 8343769 is divided by 252838.
115
Calculate the remainder when 10609199 is divided by 600.
599
What is the remainder when 647977 is divided by 6612?
1
What is the remainder when 1849641 is divided by 231205?
1
What is the remainder when 31701 is divided by 31126?
575
Calculate the remainder when 489631 is divided by 4896.
31
What is the remainder when 1181944 is divided by 5524?
5332
What is the remainder when 114642 is divided by 102?
96
Calculate the remainder when 3296 is divided by 3009.
287
What is the remainder when 3344086 is divided by 1672043?
0
What is the remainder when 4903586 is divided by 700511?
9
What is the remainder when 45649676 is divided by 211341?
20
Calculate the remainder when 9872283 is divided by 73.
55
What is the remainder when 3040390 is divided by 1394?
76
Calculate the remainder when 443294 is divided by 121.
71
What is the remainder when 11526248 is divided by 125?
123
What is the remainder when 328768 is divided by 164129?
510
What is the remainder when 2306067 is divided by 3211?
569
What is the remainder when 1935630 is divided by 47210?
20
What is the remainder when 212959 is divided by 1609?
571
Calculate the remainder when 652079 is divided by 250.
79
Calculate the remainder when 122474735 is divided by 1332.
1331
What is the remainder when 357337 is divided by 287?
22
Calculate the remainder when 960058 is divided by 9028.
3090
What is the remainder when 1902409 is divided by 3569?
132
What is the remainder when 11419000 is divided by 48799?
34
What is the remainder when 8821806 is divided by 5141?
4991
Calculate the remainder when 157029 is divided by 78513.
3
Calculate the remainder when 9940485 is divided by 8168.
29
Calculate the remainder when 82187 is divided by 81699.
488
Calculate the remainder when 87820 is divided by 87168.
652
Calculate the remainder when 128389 is divided by 1376.
421
Calculate the remainder when 201484 is divided by 67013.
445
What is the remainder when 283493699 is divided by 2550?
2549
What is the remainder when 3566999 is divided by 237792?
119
Calculate the remainder when 3176740 is divided by 529456.
4
Calculate the remainder when 837779 is divided by 8144.
7091
Calculate the remainder when 54860984 is divided by 74.
48
Calculate the remainder when 101744770 is divided by 1560.
10
Calculate the remainder when 107503 is divided by 846.
61
Calculate the remainder when 514486 is divided by 447.
436
What is the remainder when 347228 is divided by 69029?
2083
Calculate the remainder when 662788 is divided by 30.
28
What is the remainder when 192547 is divided by 8369?
60
Calculate the remainder when 128785130 is divided by 22.
12
What is the remainder when 54181 is divided by 4356?
1909
What is the remainder when 224962113 is divided by 2103?
2100
What is the remainder when 1479548 is divided by 1479502?
46
What is the remainder when 518824 is divided by 16213?
8
Calculate the remainder when 16513379 is divided by 780.
779
What is the remainder when 838587944 is divided by 1514?
1512
What is the remainder when 950977 is divided by 291?
280
Calculate the remainder when 8542632 is divided by 1118.
1112
What is the remainder when 29972683 is divided by 3060?
3043
What is the remainder when 11615 is divided by 10317?
1298
Calculate the remainder when 95858 is divided by 23852.
450
Calculate the remainder when 2260247 is divided by 565058.
15
Calculate the remainder when 696187 is divided by 348093.
1
What is the remainder when 122684 is divided by 2104?
652
What is the remainder when 2143912 is divided by 63?
22
Calculate the remainder when 706291 is divided by 6987.
604
What is the remainder when 1517192 is divided by 147?
5
Calculate the remainder when 122769 is divided by 2014.
1929
Calculate the remainder when 22909055 is divided by 357.
8
Calculate the remainder when 690671 is divided by 9.
2
What is the remainder when 3201262 is divided by 122?
104
What is the remai